{"id":1312,"date":"2025-11-25T10:21:49","date_gmt":"2025-11-25T10:21:49","guid":{"rendered":"https:\/\/brezzadellario.com\/?page_id=1312"},"modified":"2025-12-04T16:24:53","modified_gmt":"2025-12-04T16:24:53","slug":"wer-wir-sind","status":"publish","type":"page","link":"https:\/\/brezzadellario.com\/de\/wer-wir-sind\/","title":{"rendered":"\u00dcber uns"},"content":{"rendered":"<section class=\"bde-section-1312-100 bde-section\">\n              \n  \n  \n\t\n\n  <div class=\"section-background-overlay\"><\/div>\n\n\n<div class=\"section-container\"><h1 class=\"bde-heading-1312-101 bde-heading\">\n\u00dcber uns\n<\/h1><\/div>\n<\/section><section id=\"scroll\" class=\"bde-section-1312-102 bde-section\">\n  \n  \n\t\n\n\n\n<div class=\"section-container\"><div class=\"bde-columns-1312-103 bde-columns\"><div class=\"bde-column-1312-104 bde-column\">\n  \n  \n\t\n\n\n\n<div class=\"bde-text-1312-105 bde-text\">\n\n<\/div><h2 class=\"bde-heading-1312-106 bde-heading\">\nComer See: ein wahr gewordener Traum\n<\/h2><div class=\"bde-text-1312-107 bde-text\" data-entrance=\"fade\">\n<a href=\"https:\/\/www.varennaholidays.it\/\">Varenna Ferien<\/a> ist ein Projekt, das 2016 mit dem Ziel ins Leben gerufen wurde, das Szenario der Aktivit\u00e4ten zu erweitern, die die Molteni-Gruppe seit \u00fcber 40 Jahren auf dem Tourismus-\/Immobilienmarkt des Comer Sees anbietet. Diese lange Erfahrung hat es uns erm\u00f6glicht, unseren Kunden eine breite Palette von qualitativ hochwertigen Dienstleistungen und eine professionelle, seri\u00f6se und zuverl\u00e4ssige Struktur anzubieten.<br><br>Den Anfang machte die Kurzzeitvermietung von Ferienh\u00e4usern und -wohnungen, die sp\u00e4ter auf die Vermietung von Drehorten ausgeweitet wurde. Ohne jemals damit aufzuh\u00f6ren, f\u00fcgten wir Erlebnisse hinzu, Freizeitaktivit\u00e4ten, um unsere sch\u00f6ne Gegend zu entdecken, und nicht zuletzt die Er\u00f6ffnung der Boutique, ein Gesch\u00e4ft, in dem man lokale Produkte und Kunsthandwerk kaufen kann.\n<\/div><img decoding=\"async\" class=\"bde-image2-1312-108 bde-image2\" src=\"https:\/\/brezzadellario.com\/wp-content\/uploads\/2025\/11\/brezza-lario-home-1.webp\" loading=\"lazy\" srcset=\"https:\/\/brezzadellario.com\/wp-content\/uploads\/2025\/11\/brezza-lario-home-1.webp 1520w, https:\/\/brezzadellario.com\/wp-content\/uploads\/2025\/11\/brezza-lario-home-1-300x253.webp 300w, https:\/\/brezzadellario.com\/wp-content\/uploads\/2025\/11\/brezza-lario-home-1-1024x862.webp 1024w, https:\/\/brezzadellario.com\/wp-content\/uploads\/2025\/11\/brezza-lario-home-1-768x647.webp 768w, https:\/\/brezzadellario.com\/wp-content\/uploads\/2025\/11\/brezza-lario-home-1-14x12.webp 14w\" sizes=\"(max-width: 1520px) 100vw, 1520px\">\n<\/div><div class=\"bde-column-1312-109 bde-column\">\n  \n  \n\t\n\n\n\n<img decoding=\"async\" class=\"bde-image2-1312-110 bde-image2\" src=\"https:\/\/brezzadellario.com\/wp-content\/uploads\/2025\/11\/brezza-lario-home-11.webp\" loading=\"lazy\" srcset=\"https:\/\/brezzadellario.com\/wp-content\/uploads\/2025\/11\/brezza-lario-home-11.webp 1029w, https:\/\/brezzadellario.com\/wp-content\/uploads\/2025\/11\/brezza-lario-home-11-240x300.webp 240w, https:\/\/brezzadellario.com\/wp-content\/uploads\/2025\/11\/brezza-lario-home-11-819x1024.webp 819w, https:\/\/brezzadellario.com\/wp-content\/uploads\/2025\/11\/brezza-lario-home-11-768x960.webp 768w, https:\/\/brezzadellario.com\/wp-content\/uploads\/2025\/11\/brezza-lario-home-11-10x12.webp 10w\" sizes=\"(max-width: 1029px) 100vw, 1029px\"><div class=\"bde-text-1312-112 bde-text\">\nVarenna Holidays ist heute eine Marke, die von Touristen aus der ganzen Welt anerkannt wird. Was dieses gro\u00dfe Wachstum erm\u00f6glicht hat, sind sicherlich unsere Mitarbeiter, die jeden Tag mit gro\u00dfem Engagement arbeiten, ihre Leidenschaft weitergeben und denjenigen, die sich f\u00fcr uns entscheiden, Emotionen vermitteln.<br><br>Mit Blick auf die bezaubernden Gew\u00e4sser des Comer Sees empf\u00e4ngt Sie die Residence Brezza del Lario - ein neues Projekt von Varenna Holidays aus dem Jahr 2025 - in einer Oase der Ruhe und des Komforts.<br><br>Studios, Einzimmerwohnungen und Loftwohnungen bieten Ihnen einen intimen und funktionalen Raum, ideal f\u00fcr einen romantischen Ausflug, einen aktiven Urlaub oder einen Familienaufenthalt. Es sind auch behindertengerechte Unterk\u00fcnfte verf\u00fcgbar.<br><br>Sie wachen mit dem Licht des Sees auf und k\u00f6nnen sich zu Fu\u00df auf den Sentiero del Viandante (Wanderweg) begeben oder in wenigen Minuten die SS36 erreichen, um die ganze Sch\u00f6nheit der Gegend zu entdecken.<br><br>Atmen Sie die Seebrise ein. Lebe Dervio.\n<\/div><img decoding=\"async\" class=\"bde-image2-1312-119 bde-image2\" src=\"https:\/\/brezzadellario.com\/wp-content\/uploads\/2025\/11\/brezza-lario-home-11.webp\" loading=\"lazy\" srcset=\"https:\/\/brezzadellario.com\/wp-content\/uploads\/2025\/11\/brezza-lario-home-11.webp 1029w, https:\/\/brezzadellario.com\/wp-content\/uploads\/2025\/11\/brezza-lario-home-11-240x300.webp 240w, https:\/\/brezzadellario.com\/wp-content\/uploads\/2025\/11\/brezza-lario-home-11-819x1024.webp 819w, https:\/\/brezzadellario.com\/wp-content\/uploads\/2025\/11\/brezza-lario-home-11-768x960.webp 768w, https:\/\/brezzadellario.com\/wp-content\/uploads\/2025\/11\/brezza-lario-home-11-10x12.webp 10w\" sizes=\"(max-width: 1029px) 100vw, 1029px\">\n<\/div><\/div><\/div>\n<\/section><section class=\"bde-section-1312-120 bde-section\">\n  \n  \n\t\n\n\n\n<div class=\"section-container\"><h3 class=\"bde-heading-1312-121 bde-heading\">\nEntdecken Sie das Team\n<\/h3><div class=\"bde-grid-1312-122 bde-grid\">\n  \n  \n\t\n\n\n\n<div class=\"bde-image-box-1312-123 bde-image-box bde-image-box-content-padding-only\">\n<div class=\"ee-imagebox-image\">\n  <img loading=\"lazy\" decoding=\"async\" class=\"breakdance-image-object\" src=\"https:\/\/brezzadellario.com\/wp-content\/uploads\/2025\/11\/chi-siamo-brezza.webp\" width=\"600\" height=\"900\" srcset=\"https:\/\/brezzadellario.com\/wp-content\/uploads\/2025\/11\/chi-siamo-brezza.webp 600w, https:\/\/brezzadellario.com\/wp-content\/uploads\/2025\/11\/chi-siamo-brezza-200x300.webp 200w, https:\/\/brezzadellario.com\/wp-content\/uploads\/2025\/11\/chi-siamo-brezza-8x12.webp 8w\" sizes=\"auto, (max-width: 600px) 100vw, 600px\">\n<\/div>\n<div class=\"ee-imagebox-content\">\n      <p class=\"ee-imagebox-title bde-h3\" >Carlo Molteni<\/p>\n    \n      <div class=\"ee-imagebox-text\" >EIGENT\u00dcMER<\/div>\n    \n  <\/div>\n\n<\/div><div class=\"bde-image-box-1312-124 bde-image-box bde-image-box-content-padding-only\">\n<div class=\"ee-imagebox-image\">\n  <img loading=\"lazy\" decoding=\"async\" class=\"breakdance-image-object\" src=\"https:\/\/brezzadellario.com\/wp-content\/uploads\/2025\/11\/chi-siamo-brezza-1.webp\" width=\"600\" height=\"900\" srcset=\"https:\/\/brezzadellario.com\/wp-content\/uploads\/2025\/11\/chi-siamo-brezza-1.webp 600w, https:\/\/brezzadellario.com\/wp-content\/uploads\/2025\/11\/chi-siamo-brezza-1-200x300.webp 200w, https:\/\/brezzadellario.com\/wp-content\/uploads\/2025\/11\/chi-siamo-brezza-1-8x12.webp 8w\" sizes=\"auto, (max-width: 600px) 100vw, 600px\">\n<\/div>\n<div class=\"ee-imagebox-content\">\n      <p class=\"ee-imagebox-title bde-h3\" >Paolo Molteni<\/p>\n    \n      <div class=\"ee-imagebox-text\" >EIGENT\u00dcMER<\/div>\n    \n  <\/div>\n\n<\/div><div class=\"bde-image-box-1312-125 bde-image-box bde-image-box-content-padding-only\">\n<div class=\"ee-imagebox-image\">\n  <img loading=\"lazy\" decoding=\"async\" class=\"breakdance-image-object\" src=\"https:\/\/brezzadellario.com\/wp-content\/uploads\/2025\/11\/chi-siamo-brezza-2.webp\" width=\"700\" height=\"900\" srcset=\"https:\/\/brezzadellario.com\/wp-content\/uploads\/2025\/11\/chi-siamo-brezza-2.webp 700w, https:\/\/brezzadellario.com\/wp-content\/uploads\/2025\/11\/chi-siamo-brezza-2-233x300.webp 233w, https:\/\/brezzadellario.com\/wp-content\/uploads\/2025\/11\/chi-siamo-brezza-2-9x12.webp 9w\" sizes=\"auto, (max-width: 700px) 100vw, 700px\">\n<\/div>\n<div class=\"ee-imagebox-content\">\n      <p class=\"ee-imagebox-title bde-h3\" >Alessia<\/p>\n    \n      <div class=\"ee-imagebox-text\" >MANAGER<\/div>\n    \n  <\/div>\n\n<\/div><div class=\"bde-image-box-1312-126 bde-image-box bde-image-box-content-padding-only\">\n<div class=\"ee-imagebox-image\">\n  <img loading=\"lazy\" decoding=\"async\" class=\"breakdance-image-object\" src=\"https:\/\/brezzadellario.com\/wp-content\/uploads\/2025\/11\/chi-siamo-brezza-3.webp\" width=\"600\" height=\"900\" srcset=\"https:\/\/brezzadellario.com\/wp-content\/uploads\/2025\/11\/chi-siamo-brezza-3.webp 600w, https:\/\/brezzadellario.com\/wp-content\/uploads\/2025\/11\/chi-siamo-brezza-3-200x300.webp 200w, https:\/\/brezzadellario.com\/wp-content\/uploads\/2025\/11\/chi-siamo-brezza-3-8x12.webp 8w\" sizes=\"auto, (max-width: 600px) 100vw, 600px\">\n<\/div>\n<div class=\"ee-imagebox-content\">\n      <p class=\"ee-imagebox-title bde-h3\" >Giada<\/p>\n    \n      <div class=\"ee-imagebox-text\" >ERFAHRUNGEN<\/div>\n    \n  <\/div>\n\n<\/div><div class=\"bde-image-box-1312-127 bde-image-box bde-image-box-content-padding-only\">\n<div class=\"ee-imagebox-image\">\n  <img loading=\"lazy\" decoding=\"async\" class=\"breakdance-image-object\" src=\"https:\/\/brezzadellario.com\/wp-content\/uploads\/2025\/11\/chi-siamo-brezza-4.webp\" width=\"600\" height=\"900\" srcset=\"https:\/\/brezzadellario.com\/wp-content\/uploads\/2025\/11\/chi-siamo-brezza-4.webp 600w, https:\/\/brezzadellario.com\/wp-content\/uploads\/2025\/11\/chi-siamo-brezza-4-200x300.webp 200w, https:\/\/brezzadellario.com\/wp-content\/uploads\/2025\/11\/chi-siamo-brezza-4-8x12.webp 8w\" sizes=\"auto, (max-width: 600px) 100vw, 600px\">\n<\/div>\n<div class=\"ee-imagebox-content\">\n      <p class=\"ee-imagebox-title bde-h3\" >Davide<\/p>\n    \n      <div class=\"ee-imagebox-text\" >WARTUNG<\/div>\n    \n  <\/div>\n\n<\/div>\n<\/div><\/div>\n<\/section>","protected":false},"excerpt":{"rendered":"<p>Chi siamo Lago di Como: il sogno che si realizza Varenna Holidays \u00e8 un progetto nato nel 2016 con l\u2019obiettivo di aumentare lo scenario delle attivit\u00e0 che il Gruppo Molteni offre da oltre 40 anni nel mercato turistico\/immobiliare del Lago di Como. Questa lunga esperienza ci ha permesso di offrire ai nostri clienti una vasta [&hellip;]<\/p>","protected":false},"author":2,"featured_media":0,"parent":0,"menu_order":0,"comment_status":"closed","ping_status":"closed","template":"","meta":{"_breakdance_hide_in_design_set":false,"_breakdance_tags":"","footnotes":""},"class_list":["post-1312","page","type-page","status-publish","hentry"],"_links":{"self":[{"href":"https:\/\/brezzadellario.com\/de\/wp-json\/wp\/v2\/pages\/1312","targetHints":{"allow":["GET"]}}],"collection":[{"href":"https:\/\/brezzadellario.com\/de\/wp-json\/wp\/v2\/pages"}],"about":[{"href":"https:\/\/brezzadellario.com\/de\/wp-json\/wp\/v2\/types\/page"}],"author":[{"embeddable":true,"href":"https:\/\/brezzadellario.com\/de\/wp-json\/wp\/v2\/users\/2"}],"replies":[{"embeddable":true,"href":"https:\/\/brezzadellario.com\/de\/wp-json\/wp\/v2\/comments?post=1312"}],"version-history":[{"count":13,"href":"https:\/\/brezzadellario.com\/de\/wp-json\/wp\/v2\/pages\/1312\/revisions"}],"predecessor-version":[{"id":1741,"href":"https:\/\/brezzadellario.com\/de\/wp-json\/wp\/v2\/pages\/1312\/revisions\/1741"}],"wp:attachment":[{"href":"https:\/\/brezzadellario.com\/de\/wp-json\/wp\/v2\/media?parent=1312"}],"curies":[{"name":"wp","href":"https:\/\/api.w.org\/{rel}","templated":true}]}}

Über uns

<section class="bde-section-1312-100 bde-section">
              
  
  
	

  <div class="section-background-overlay"></div>


<div class="section-container"><h1 class="bde-heading-1312-101 bde-heading">
Über uns
</h1></div>
</section><section id="scroll" class="bde-section-1312-102 bde-section">
  
  
	



<div class="section-container"><div class="bde-columns-1312-103 bde-columns"><div class="bde-column-1312-104 bde-column">
  
  
	



<div class="bde-text-1312-105 bde-text">

</div><h2 class="bde-heading-1312-106 bde-heading">
Comer See: ein wahr gewordener Traum
</h2><div class="bde-text-1312-107 bde-text" data-entrance="fade">
<a href="https://www.varennaholidays.it/">Varenna Ferien</a> ist ein Projekt, das 2016 mit dem Ziel ins Leben gerufen wurde, das Szenario der Aktivitäten zu erweitern, die die Molteni-Gruppe seit über 40 Jahren auf dem Tourismus-/Immobilienmarkt des Comer Sees anbietet. Diese lange Erfahrung hat es uns ermöglicht, unseren Kunden eine breite Palette von qualitativ hochwertigen Dienstleistungen und eine professionelle, seriöse und zuverlässige Struktur anzubieten.<br><br>Den Anfang machte die Kurzzeitvermietung von Ferienhäusern und -wohnungen, die später auf die Vermietung von Drehorten ausgeweitet wurde. Ohne jemals damit aufzuhören, fügten wir Erlebnisse hinzu, Freizeitaktivitäten, um unsere schöne Gegend zu entdecken, und nicht zuletzt die Eröffnung der Boutique, ein Geschäft, in dem man lokale Produkte und Kunsthandwerk kaufen kann.
</div><img decoding="async" class="bde-image2-1312-108 bde-image2" src="https://brezzadellario.com/wp-content/uploads/2025/11/brezza-lario-home-1.webp" loading="lazy" srcset="https://brezzadellario.com/wp-content/uploads/2025/11/brezza-lario-home-1.webp 1520w, https://brezzadellario.com/wp-content/uploads/2025/11/brezza-lario-home-1-300x253.webp 300w, https://brezzadellario.com/wp-content/uploads/2025/11/brezza-lario-home-1-1024x862.webp 1024w, https://brezzadellario.com/wp-content/uploads/2025/11/brezza-lario-home-1-768x647.webp 768w, https://brezzadellario.com/wp-content/uploads/2025/11/brezza-lario-home-1-14x12.webp 14w" sizes="(max-width: 1520px) 100vw, 1520px">
</div><div class="bde-column-1312-109 bde-column">
  
  
	



<img decoding="async" class="bde-image2-1312-110 bde-image2" src="https://brezzadellario.com/wp-content/uploads/2025/11/brezza-lario-home-11.webp" loading="lazy" srcset="https://brezzadellario.com/wp-content/uploads/2025/11/brezza-lario-home-11.webp 1029w, https://brezzadellario.com/wp-content/uploads/2025/11/brezza-lario-home-11-240x300.webp 240w, https://brezzadellario.com/wp-content/uploads/2025/11/brezza-lario-home-11-819x1024.webp 819w, https://brezzadellario.com/wp-content/uploads/2025/11/brezza-lario-home-11-768x960.webp 768w, https://brezzadellario.com/wp-content/uploads/2025/11/brezza-lario-home-11-10x12.webp 10w" sizes="(max-width: 1029px) 100vw, 1029px"><div class="bde-text-1312-112 bde-text">
Varenna Holidays ist heute eine Marke, die von Touristen aus der ganzen Welt anerkannt wird. Was dieses große Wachstum ermöglicht hat, sind sicherlich unsere Mitarbeiter, die jeden Tag mit großem Engagement arbeiten, ihre Leidenschaft weitergeben und denjenigen, die sich für uns entscheiden, Emotionen vermitteln.<br><br>Mit Blick auf die bezaubernden Gewässer des Comer Sees empfängt Sie die Residence Brezza del Lario - ein neues Projekt von Varenna Holidays aus dem Jahr 2025 - in einer Oase der Ruhe und des Komforts.<br><br>Studios, Einzimmerwohnungen und Loftwohnungen bieten Ihnen einen intimen und funktionalen Raum, ideal für einen romantischen Ausflug, einen aktiven Urlaub oder einen Familienaufenthalt. Es sind auch behindertengerechte Unterkünfte verfügbar.<br><br>Sie wachen mit dem Licht des Sees auf und können sich zu Fuß auf den Sentiero del Viandante (Wanderweg) begeben oder in wenigen Minuten die SS36 erreichen, um die ganze Schönheit der Gegend zu entdecken.<br><br>Atmen Sie die Seebrise ein. Lebe Dervio.
</div><img decoding="async" class="bde-image2-1312-119 bde-image2" src="https://brezzadellario.com/wp-content/uploads/2025/11/brezza-lario-home-11.webp" loading="lazy" srcset="https://brezzadellario.com/wp-content/uploads/2025/11/brezza-lario-home-11.webp 1029w, https://brezzadellario.com/wp-content/uploads/2025/11/brezza-lario-home-11-240x300.webp 240w, https://brezzadellario.com/wp-content/uploads/2025/11/brezza-lario-home-11-819x1024.webp 819w, https://brezzadellario.com/wp-content/uploads/2025/11/brezza-lario-home-11-768x960.webp 768w, https://brezzadellario.com/wp-content/uploads/2025/11/brezza-lario-home-11-10x12.webp 10w" sizes="(max-width: 1029px) 100vw, 1029px">
</div></div></div>
</section><section class="bde-section-1312-120 bde-section">
  
  
	



<div class="section-container"><h3 class="bde-heading-1312-121 bde-heading">
Entdecken Sie das Team
</h3><div class="bde-grid-1312-122 bde-grid">
  
  
	



<div class="bde-image-box-1312-123 bde-image-box bde-image-box-content-padding-only">
<div class="ee-imagebox-image">
  <img loading="lazy" decoding="async" class="breakdance-image-object" src="https://brezzadellario.com/wp-content/uploads/2025/11/chi-siamo-brezza.webp" width="600" height="900" srcset="https://brezzadellario.com/wp-content/uploads/2025/11/chi-siamo-brezza.webp 600w, https://brezzadellario.com/wp-content/uploads/2025/11/chi-siamo-brezza-200x300.webp 200w, https://brezzadellario.com/wp-content/uploads/2025/11/chi-siamo-brezza-8x12.webp 8w" sizes="auto, (max-width: 600px) 100vw, 600px">
</div>
<div class="ee-imagebox-content">
      <p class="ee-imagebox-title bde-h3" >Carlo Molteni</p>
    
      <div class="ee-imagebox-text" >EIGENTÜMER</div>
    
  </div>

</div><div class="bde-image-box-1312-124 bde-image-box bde-image-box-content-padding-only">
<div class="ee-imagebox-image">
  <img loading="lazy" decoding="async" class="breakdance-image-object" src="https://brezzadellario.com/wp-content/uploads/2025/11/chi-siamo-brezza-1.webp" width="600" height="900" srcset="https://brezzadellario.com/wp-content/uploads/2025/11/chi-siamo-brezza-1.webp 600w, https://brezzadellario.com/wp-content/uploads/2025/11/chi-siamo-brezza-1-200x300.webp 200w, https://brezzadellario.com/wp-content/uploads/2025/11/chi-siamo-brezza-1-8x12.webp 8w" sizes="auto, (max-width: 600px) 100vw, 600px">
</div>
<div class="ee-imagebox-content">
      <p class="ee-imagebox-title bde-h3" >Paolo Molteni</p>
    
      <div class="ee-imagebox-text" >EIGENTÜMER</div>
    
  </div>

</div><div class="bde-image-box-1312-125 bde-image-box bde-image-box-content-padding-only">
<div class="ee-imagebox-image">
  <img loading="lazy" decoding="async" class="breakdance-image-object" src="https://brezzadellario.com/wp-content/uploads/2025/11/chi-siamo-brezza-2.webp" width="700" height="900" srcset="https://brezzadellario.com/wp-content/uploads/2025/11/chi-siamo-brezza-2.webp 700w, https://brezzadellario.com/wp-content/uploads/2025/11/chi-siamo-brezza-2-233x300.webp 233w, https://brezzadellario.com/wp-content/uploads/2025/11/chi-siamo-brezza-2-9x12.webp 9w" sizes="auto, (max-width: 700px) 100vw, 700px">
</div>
<div class="ee-imagebox-content">
      <p class="ee-imagebox-title bde-h3" >Alessia</p>
    
      <div class="ee-imagebox-text" >MANAGER</div>
    
  </div>

</div><div class="bde-image-box-1312-126 bde-image-box bde-image-box-content-padding-only">
<div class="ee-imagebox-image">
  <img loading="lazy" decoding="async" class="breakdance-image-object" src="https://brezzadellario.com/wp-content/uploads/2025/11/chi-siamo-brezza-3.webp" width="600" height="900" srcset="https://brezzadellario.com/wp-content/uploads/2025/11/chi-siamo-brezza-3.webp 600w, https://brezzadellario.com/wp-content/uploads/2025/11/chi-siamo-brezza-3-200x300.webp 200w, https://brezzadellario.com/wp-content/uploads/2025/11/chi-siamo-brezza-3-8x12.webp 8w" sizes="auto, (max-width: 600px) 100vw, 600px">
</div>
<div class="ee-imagebox-content">
      <p class="ee-imagebox-title bde-h3" >Giada</p>
    
      <div class="ee-imagebox-text" >ERFAHRUNGEN</div>
    
  </div>

</div><div class="bde-image-box-1312-127 bde-image-box bde-image-box-content-padding-only">
<div class="ee-imagebox-image">
  <img loading="lazy" decoding="async" class="breakdance-image-object" src="https://brezzadellario.com/wp-content/uploads/2025/11/chi-siamo-brezza-4.webp" width="600" height="900" srcset="https://brezzadellario.com/wp-content/uploads/2025/11/chi-siamo-brezza-4.webp 600w, https://brezzadellario.com/wp-content/uploads/2025/11/chi-siamo-brezza-4-200x300.webp 200w, https://brezzadellario.com/wp-content/uploads/2025/11/chi-siamo-brezza-4-8x12.webp 8w" sizes="auto, (max-width: 600px) 100vw, 600px">
</div>
<div class="ee-imagebox-content">
      <p class="ee-imagebox-title bde-h3" >Davide</p>
    
      <div class="ee-imagebox-text" >WARTUNG</div>
    
  </div>

</div>
</div></div>
</section>

<p>Chi siamo Lago di Como: il sogno che si realizza Varenna Holidays è un progetto nato nel 2016 con l’obiettivo di aumentare lo scenario delle attività che il Gruppo Molteni offre da oltre 40 anni nel mercato turistico/immobiliare del Lago di Como. Questa lunga esperienza ci ha permesso di offrire ai nostri clienti una vasta [&hellip;]</p>
